-40190?
-3b6bb
In base 5, what is -1133243341330 - 2?
-1133243341332
In base 14, what is -35a3050 - -3?
-35a304b
In base 12, what is 272518 - 2a?
2724aa
In base 9, what is 1 - 27083307?
-27083306
In base 3, what is -101010011000211200 - -1?
-101010011000211122
In base 10, what is 81087 - 15?
81072
In base 11, what is -1aa + 3698a64?
3698865
In base 3, what is 2201 - 1120100101112?
-1120100021211
In base 3, what is -11010 + -11101012?
-11112022
In base 3, what is -1112201110121011 + -1?
-1112201110121012
In base 10, what is -795 - 3086?
-3881
In base 16, what is 1f251b2 + -4?
1f251ae
In base 11, what is 1 + 9592a04?
9592a05
In base 13, what is -1c197 - -931?
-1b566
In base 5, what is -10300111 - -4003?
-10241103
In base 12, what is 26685b65 + -3?
26685b62
In base 6, what is -32 + 101202240?
101202204
In base 5, what is 13102241 - -1334?
13104130
In base 13, what is 3 + 1a9958?
1a995b
In base 16, what is -7c - -24a11?
24995
In base 10, what is -65 + 176028?
175963
In base 3, what is 1122222200011 - -101112?
1200000001200
In base 4, what is 23101221 + 202023?
23303310
In base 2, what is 101010000111100000 + -1111?
101010000111010001
In base 4, what is -2032213121 + 310?
-2032212211
In base 2, what is -1001110100111000100000100 + -111?
-1001110100111000100001011
In base 15, what is -385 + -6082?
-6417
In base 15, what is c7115e - 17?
c71147
In base 7, what is -22431036 + -20?
-22431056
In base 7, what is 2141 - -14153?
16324
In base 11, what is 7288a + -8?
72882
In base 16, what is dc5 - cfc?
c9
In base 4, what is -133 - -11332231022?
11332230223
In base 16, what is -15 + -c081e?
-c0833
In base 15, what is -b1ea10 + -3?
-b1ea13
In base 13, what is -115a039 - -16?
-115a023
In base 14, what is -a57d + 377?
-a206
In base 12, what is -5b + -5277?
-5316
In base 13, what is 1 + -b75376?
-b75375
In base 9, what is -187216 - -1566?
-185540
In base 4, what is 21 - 23102322102?
-23102322021
In base 8, what is -1623177 - 132?
-1623331
In base 7, what is 1005132224 + -1?
1005132223
In base 14, what is 100167 - 63?
100104
In base 5, what is -40002 - 213424?
-303431
In base 12, what is -9 - 29748a?
-297497
In base 8, what is -37 - 73763?
-74022
In base 12, what is -a - -213939?
21392b
In base 15, what is -3 + 354ca?
354c7
In base 2, what is -11100110000 - -11110000001001000?
11101100100011000
In base 6, what is -5 - 41331423?
-41331432
In base 2, what is -1010000010 + -1010100001?
-10100100011
In base 13, what is 334 + 139b5?
14019
In base 12, what is 22 - -146938?
14695a
In base 12, what is 24 + 154023?
154047
In base 4, what is -1313300301 - 3133?
-1313310100
In base 12, what is -118670 + -b?
-11867b
In base 7, what is -244015143 + 3?
-244015140
In base 10, what is 527258 + -275?
526983
In base 6, what is -13 + -1304014521?
-1304014534
In base 12, what is -1b - 60a03?
-60a22
In base 12, what is 2189326 - 49?
2189299
In base 12, what is 6b - 26ba1b?
-26b970
In base 10, what is -457 + -38990?
-39447
In base 3, what is 110211211211 - -20121102?
111002110020
In base 11, what is -122464 - 69?
-122522
In base 13, what is 5 + -c199ab?
-c199a6
In base 13, what is 7b869 - -b47?
7c6b3
In base 16, what is -c19 + 120f?
5f6
In base 4, what is -13110122 + -10130231?
-23301013
In base 6, what is 22 - -3255453551?
3255454013
In base 8, what is -705237041 + 2?
-705237037
In base 11, what is -191 - -3a35?
3854
In base 10, what is -13521138 + -3?
-13521141
In base 7, what is -3 - 655064443?
-655064446
In base 12, what is 5045 + 458?
54a1
In base 7, what is 10 + -3156442363?
-3156442353
In base 11, what is 14 + -9026405?
-90263a1
In base 10, what is -2928 - -1574?
-1354
In base 8, what is 6154157505 - 1?
6154157504
In base 2, what is -111000 + 1000111001100011100110?
1000111001100010101110
In base 10, what is -1 + 2660489?
2660488
In base 8, what is 111 + -17327201?
-17327070
In base 2, what is 111100100011 + -11110100101011?
-10111000001000
In base 11, what is -4195331 + -1?
-4195332
In base 3, what is 11011 + -1220010220?
-1212222202
In base 11, what is 0 + -863637?
-863637
In base 3, what is -200021210021020122 + 2?
-200021210021020120
In base 4, what is -12032 + -1221302?
-1300000
In base 3, what is 1202112012121 + -12?
1202112012102
In base 6, what is 125 - 1000010125?
-1000010000
In base 15, what is -764 - 15442?
-15ba6
In base 14, what is -80941 + -47?
-80988
In base 16, what is -5 + 404309?
404304
In base 7, what is 1424463644 + -6?
1424463635
In base 7, what is 213512502 + -4?
213512465
In base 14, what is -15ac2 + -8a5?
-16587
In base 6, what is -301512105 + 0?
-301512105
In base 6, what is -32244122 + -104?
-32244230
In base 15, what is 1611 - 1669?
-58
In base 9, what is -187257 + -85?
-187353
In base 4, what is -1311 + 2221203100?
2221201123
In base 3, what is 1112202012 + 100022122?
1220001211
In base 11, what is -1a511a994 + -3?
-1a511a997
In base 13, what is 1a852 + 28?
1a87a
In base 14, what is -18 + -14c257?
-14c271
In base 16, what is -961f2796 - -4?
-961f2792
In base 8, what is -36 - 7711240?
-7711276
In base 15, what is 63ce - b452?
-5073
In base 2, what is 11 + -11010001000000101111101?
-11010001000000101111010
In base 10, what is -48280 - -1260?
-47020
In base 9, what is 0 + -17545303?
-17545303
In base 11, what is 3a + 3683680?
368370a
In base 16, what is -6 - 13e555?
-13e55b
In base 4, what is -11 - 2322310100131?
-2322310100202
In base 6, what is 2455025105 + -14?
2455025051
In base 13, what is -a3356 - -2a?
-a3329
In base 3, what is 1101 - 200000122?
-122222021
In base 6, what is -13503334 + -2443?
-13510221
In base 12, what is -93 + a596?
a503
In base 15, what is 8555 - 13d7?
716d
In base 15, what is c - -33438b6?
33438c3
In base 12, what is 15590 + 6b?
1563b
In base 8, what is 77376 + 5263?
104661
In base 11, what is -498a + 1465?
-3525
In base 5, what is 1 - -301213413?
301213414
In base 2, what is -1000010110010111110110010 + 10?
-1000010110010111110110000
In base 11, what is -a87 + -1165?
-2141
In base 10, what is -2451652 + 2?
-2451650
In base 8, what is -3 + -17611417?
-17611422
In base 5, what is 444424 - -20212?
1020141
In base 16, what is -715a + -4af?
-7609
In base 12, what is -54a26 - -23?
-54a03
In base 12, what is -688 - -3826?
315a
In base 16, what is 268a3 - 389?
2651a
In base 4, what is -212102220 - -11033?
-212031121
In base 14, what is -75c368 + 3?
-75c365
In base 6, what is -312125333 + -101?
-312125434
In base 12, what is -18 - 121a393?
-121a3ab
In base 7, what is -5000 - 12660005?
-12665005
In base 12, what is 1 + 11ab247?
11ab248
In base 15, what is 15 - -8e7e84?
8e7e99
In base 11, what is 7a0574 + -180?
7a03a4
In base 12, what is 4 + 1559372?
1559376
In base 3, what is -21 + 10110221111121?
10110221111100
In base 15, what is -a9 + -4333a?
-433e4
In base 5, what is -1011431 + 1141341?
124410
In base 3, what is -21221 - -1011110000200?
1011102201202
In base 13, what is -2885 - 2b1?
-2b66
In base 13, what is -28c - -c150?
bb91
In base 16, what is b + -d5ad5?
-d5aca
In base 8, what is -63175621 + -4?
-63175625
In base 3, what is 2010 - 1111010102000?
-1111010022220
In base 10, what is 922 - -71608?
72530
In base 5, what is 230 - -12434142?
12434422
In base 11, what is 426 - -65023?
65449
In base 3, what is -10002121121200220 + 0?
-10002121121200220
In base 15, what is -21c92 + -111?
-21da3
In base 8, what is 2551746653 - -3?
2551746656
In base 2, what is 111010000 - -1000111110110101?
1001000110000101
In base 9, what is -152 + -1227?
-1380
In base 7, what is -1322525 - -5?
-1322520
In base 12, what is -27 + -527245?
-527270
In base 10, what is 0 + 57632325?
57632325
In base 15, what is -1ec1a5 - 7?
-1ec1ac
In base 12, what is -11ba57 + a7b?
-11ab98
In base 2, what is 10101001010001 + 10010000111?
10111011011000
In base 2, what is -10 + 1011100100010101000011100?
1011100100010101000011010
In base 14, what is -1 - -2c258b4?
2c258b3
In base 16, what is 29 + -275d4?
-275ab
In base 2, what is 100111100001 + -10111011100000?
-10010011111111
In base 2, what is 111011001000011 + 1000000000?
111100001000011
In base 15, what is -4 + 781c05?
781c01
In base 6, what is 50512 - -3352?
54304
In base 6, what is -3 - 1504253452?
-1504253455
In base 10, what is -445 + 54944?
54499
In base 2, what is -1011 - -111110000100110010011?
11111000010011